5
Let i = -3744 - -3816. What is the greatest common divisor of 3 and i?
3
Let h = 6922 - 6237. Calculate the highest common divisor of 10 and h.
5
Let n = -58 + 118. Let r(q) = 2*q**2 - 14*q + 5. Let f be r(10). Suppose 0 = 3*a + u - f, -u + 3*u = 10. What is the highest common factor of n and a?
20
Let x = 54301 + -54197. Let s = 620 - 256. Calculate the greatest common factor of x and s.
52
Let n(j) = j**2 - 120*j + 3392. Let v be n(76). What is the greatest common factor of 2202 and v?
6
Let t(q) = q**3 + 9*q**2 + 25*q + 27. Let y be t(-5). What is the greatest common factor of y and 216?
2
Let i = -10 - -4. Let m = i - -12. Let c be ((-6)/(-4))/(6 + (-315)/60). Calculate the greatest common divisor of c and m.
2
Let l = -411 - -154. Let w = 312 + l. What is the greatest common divisor of w and 99?
11
Let w(p) = -2*p**2 - 17*p + 22. Let c be w(-10). Let l be (-2)/c + 2 + 21917/28. Suppose -9*i - 20 = -l. What is the greatest common divisor of 17 and i?
17
Let l = -38 - -83. Let o be 51/(-2)*(-1)/((-6)/(-4)). Suppose 4*g - 19 = o. Calculate the highest common factor of l and g.
9
Suppose -9 - 6 = -5*b + w, 3*b = -5*w + 9. Suppose 8*j + d = 9*j - 39, 74 = 2*j - b*d. Calculate the highest common divisor of j and 387.
43
Suppose -57 + 339 = 3*a. Let w(d) = -110*d - 1085. Let t be w(-12). What is the highest common divisor of a and t?
47
Let l be ((-9)/(-12))/((-2)/(-80)). Suppose 0 = -10*x + 7*x + l. Suppose x*i - 351 = -3*i. What is the highest common divisor of 135 and i?
27
Suppose 128*z - 4*j + 3182 = 133*z, 3*z - 5*j - 1924 = 0. What is the greatest common factor of z and 33?
11
Suppose -3*y = 8*q - 507, 5*q - 134 = 4*y + 177. What is the greatest common divisor of q and 1463?
7
Let d(s) = 75*s + 1646. Let u be d(-21). Calculate the highest common divisor of u and 3479.
71
Let b = 27 + -22. Let g(k) = 2*k**2 - 12*k + 8. Let y be g(b). Let r be 99*y/(-4) + 2/4. What is the highest common factor of 10 and r?
10
Let f(a) = -a**2 - 13*a - 33. Let l be f(-4). Suppose -5*s + 96 = l*j - 8*s, -s = j - 40. Calculate the highest common factor of 24 and j.
12
Let j = -4876 - -5107. Calculate the highest common factor of j and 168.
21
Let n(k) = 5*k**2 - 4*k + 3. Let p = -32 + 60. Let c be (-1)/2 - (1 - p/8). Let z be n(c). Calculate the greatest common divisor of 165 and z.
15
Let k(h) = -h**3 - 3*h**2 + 7*h + 23. Let s be k(-4). Suppose 0 = s*a + 122 - 408. What is the greatest common divisor of a and 3?
1
Let r(a) be the second derivative of 5*a**3 + 63*a**2 - 96*a. Let s be r(25). What is the highest common divisor of 12 and s?
12
Let i(c) = 220*c - 844. Let f be i(5). What is the greatest common factor of f and 1120?
32
Suppose 5*k - 785 = 5*u, 16 + 1103 = 7*k - 2*u. Calculate the highest common divisor of 1656 and k.
23
Let l(w) = -w**3 + 39*w**2 - 38*w + 36. Let c be l(38). What is the highest common divisor of c and 369?
9
Suppose 0 = 5*n + 10, -5*r + 1459 - 119 = 5*n. Calculate the highest common divisor of r and 72.
18
Let d be 4/22*(-143)/(-52)*616. Calculate the greatest common factor of d and 252.
28
Let g(b) = -113*b**3 + b**2 + 38*b + 37. Let s be g(-1). Calculate the greatest common divisor of s and 3.
1
Suppose -449*d - 180 = -459*d. What is the greatest common factor of 714 and d?
6
Let q(k) = 20*k + 580. Let w be q(-27). What is the highest common divisor of w and 3830?
10
Suppose -1932 = 9212*y - 9224*y. Calculate the greatest common divisor of y and 49.
7
Suppose 5*t + 252 = -8*t + 19*t. What is the greatest common divisor of t and 22827?
21
Suppose -6*c + 16 = -14. Suppose 0 = -c*k + 4*l + 124, k - 68 = -2*k - 4*l. Suppose 216 = 2*d - d. What is the greatest common divisor of d and k?
24
Suppose 0 = -5*n - 5*n + 320. Let v be n/10 + (36/(-30) - -2). Suppose x - 5*t - 24 = 0, v*t + 3 = 2*x - 45. Calculate the highest common divisor of x and 8.
8
Let b be (-40)/12*(-756)/8. Calculate the highest common factor of b and 6741.
63
Let r be 110/33*(1 + (-159)/15). Suppose 0 = 2*q - 6, 4*d - 3*q = -99 - 142. Let y = r - d. What is the highest common divisor of y and 52?
26
Suppose -4*a - 4*h - 9 = -17, -6 = -a + 3*h. Suppose -a*w + 719 = -2*b, 4*b + 191 = w - 32. What is the highest common factor of w and 18?
9
Suppose 5*u + 501 = 61. Let m be u/(-66) - (-4)/6. Suppose -3*x + 13 = v, -m*v + 4 = x - 12. Calculate the greatest common divisor of 77 and v.
7
Suppose 0 = -238*s + 322484 + 197308. What is the highest common divisor of s and 294?
42
Suppose 38*o - 5320 = -42*o + 40*o. Let p = 18 - 11. Calculate the greatest common divisor of p and o.
7
Let r(w) = 25*w**3 + w**2 + 20*w - 46. Let f be r(2). What is the highest common factor of f and 286?
22
Let n be (-1)/((-156)/160 - -1). Let m = -34 - 20. Let y = n - m. What is the highest common factor of y and 154?
14
Suppose 0*c + c - 188 = -p, -2*p - 372 = -2*c. Suppose 0 = 3*m + t - 34, 294*t = m + 291*t - 8. What is the greatest common divisor of c and m?
11
Let u be 1/(3/(-54)*-1). Let b(x) = 6*x**2 - 181*x + 933. Let j be b(6). Calculate the greatest common factor of u and j.
9
Let d = -23 + 167. Let z = -45 + d. What is the highest common factor of z and 9?
9
Suppose -22*p + 340 + 144 = 0. Suppose 3*x = 2*x. Let o be (5 - x)*12/30. What is the highest common divisor of p and o?
2
Let x be 81/(-270) + (-4)/(-30) - 27151/(-114). What is the greatest common factor of 70 and x?
14
Suppose 4*d - 1 = -5*b, -d - 5*b = -4*d + 27. Suppose -3*r - 4*s = -262, 3*r - 119 = d*s + 159. Calculate the greatest common divisor of 30 and r.
30
Suppose 1338 + 24618 = 4*o - 6*h, 0 = h - 4. Suppose -31*k - o = -23235. Calculate the greatest common factor of k and 40.
20
Let n = -50 - -86. Suppose -692 - 628 = -55*v. What is the greatest common factor of v and n?
12
Let v(s) = -s**2 - 38*s - 179. Let z be v(-6). What is the highest common factor of z and 416?
13
Suppose 14*r - 50727 = -207*r - 8737. Calculate the greatest common factor of 40 and r.
10
Let n(s) = -2*s. Let p be n(0). Let u(j) = 2*j**2 + 7 + 4*j**2 + 2*j + p*j + j**3 + 0*j**3. Let g be u(-5). What is the highest common factor of g and 2?
2
Suppose 2*u - 17*n + 2 = -14*n, -4*u + 16 = 4*n. Calculate the highest common divisor of 680 and u.
2
Suppose 80*y - 48 = 76*y. Suppose -49*d + 213*d - 31488 = 0. What is the highest common factor of y and d?
12
Suppose -t - 2*t = 4*q - 31628, -q = t - 7905. What is the greatest common divisor of q and 386?
193
Let w be (-10 - (-28)/7) + 10. Suppose -135 = w*l - 155. Calculate the highest common divisor of l and 155.
5
Let m be (-8 - 220)*(-2)/4. Let z(c) = -485*c + 3407. Let y be z(7). Calculate the greatest common factor of m and y.
6
Let k be ((-2)/(4/7))/(42/(-504)). What is the greatest common divisor of 414 and k?
6
Suppose 4*u - 321 = 183. Let l be 18/u + 20/7. Suppose l*n + 0*n + 139 = 5*j, -5*j + n + 133 = 0. What is the greatest common factor of j and 39?
13
Suppose o - 5*q - 9 = 0, 0 = 2*o + 2*q + 2 - 8. Suppose -2*f + o*x + 16 = -32, 5*f + x = 65. What is the greatest common divisor of 28 and f?
14
Let a be (-4*9/(-72))/((-11)/(-89694)). What is the highest common factor of 27 and a?
27
Let t(s) = -19*s + 3 - 719*s**2 + 718*s**2 + 7. Let v be t(-10). Let o be (-1 - -3)*(-25)/(-2). Calculate the highest common divisor of o and v.
25
Let x(t) = 2*t**3 + 3*t**2 - 159*t + 304. Let k be x(2). Calculate the greatest common divisor of 68 and k.
2
Let j = -32 - 2. Let c = j + 47. Let n(d) = -2*d**2 + 121*d + 539. Let g be n(64). What is the highest common divisor of c and g?
13
Let d(g) = -51*g - 12. Let u be d(-4). Suppose i - u = -11*i. Calculate the highest common divisor of i and 176.
16
Let v = 6 - 2. Suppose 3*y - 2*m = v, y - 2*m - 1 = -m. Suppose 4*z - 25 = -2*s + s, y*s - 39 = 3*z. Calculate the highest common factor of s and 7.
7
Suppose -1796 = -f + 2*d, 2855 - 10069 = -4*f + 2*d. What is the highest common factor of 98 and f?
14
Suppose -59 = 5*a - 3*b, -3*a = -2*b - 2*b + 42. Let p be (a - (-272)/28) + (-4036)/(-14). Calculate the highest common divisor of p and 9.
9
Let k be (-1)/(-2 - 7 - (-364352)/40484). What is the highest common factor of k and 29?
29
Let o = 1869 - -4403. Let x be 1/(-8*(-8)/o). What is the greatest common divisor of 14 and x?
14
Let t(p) = 18*p**3 + 99*p**2 - 62